= 2*h. What is the hundreds digit of h?
2
Let d be 3/(-15) + 26/5. Suppose -d*z = -2*h + 14, -z = -h + 4*z + 12. What is the units digit of ((-1)/(-2))/(h/20)?
5
Let k(c) = -c - c**3 - 6*c**3 + 4*c**2 + 8*c**3 - 1. Let o be k(-4). Suppose 3*z - 3*x + x - 71 = 0, -o*z + 69 = -3*x. What is the tens digit of z?
2
What is the units digit of 4/8*(-1 + 1467)?
3
Suppose u = 5*o - 5, 3*o + 0*o - 3*u - 3 = 0. Let x = o + -11. Let j = 15 + x. What is the units digit of j?
5
Let a be ((-2)/(-6))/((-2)/(-1266)). Let x = -139 + a. What is the tens digit of x?
7
Suppose 2*w + 4*h - 16 = w, -3*h + 6 = 0. Let c be (-194)/4*(w - 2). What is the tens digit of (-6)/4 + c/(-6)?
4
Suppose 0*o - 5*o = 415. Let l = -45 - o. What is the tens digit of l?
3
Suppose 35*z - 38*z = -15642. What is the hundreds digit of z?
2
Suppose -5*t = i - 160, 5*i + 2*t + t - 844 = 0. Suppose -n + 94 = -p - p, 5*p - i = -2*n. What is the tens digit of n?
9
Let b be 4/10 - 115/(-25). Suppose -b*a + 1092 = a. What is the units digit of a?
2
Let f(i) = 31*i**3 + 3*i**2 + 6*i - 5. What is the tens digit of f(3)?
7
Suppose 15214 + 13460 = 5*i - 4*f, -5*i = -f - 28686. What is the hundreds digit of i?
7
Let v(b) = -b**3 + 3*b**2 - b - 1. Let k = 28 + -26. Let n be v(k). What is the units digit of (-4 - -3)*-5*n?
5
Let c(s) = s**2 + 3*s - 8. Let t be c(-6). Suppose -28 = -5*i - o, 6*i - i - t = 5*o. Suppose 1 + i = g - 2*u, -3*g - 3*u = -63. What is the tens digit of g?
1
Let k be ((-4)/3)/(8/(-24)). Suppose 38 = 2*i - 3*p, -k*i + 3*p + 52 = -12. What is the tens digit of i?
1
Let z(n) = 3*n**2 + 4*n - 82. Let q(c) = c**2 + c - 1. Let m(w) = 2*q(w) - z(w). What is the tens digit of m(0)?
8
Let t(v) = 26*v + 27. Let y be t(7). Let c = -96 + y. What is the hundreds digit of c?
1
Let n = -10 + -14. Let u = n + 103. Let q = u + -49. What is the units digit of q?
0
Let l be 6 - 3*4/12. Suppose 106 = -3*i + 2*j + 31, -4*i = -l*j + 107. Let s = i + 90. What is the units digit of s?
7
Let p be -1 + 11 - (13 + -10). Suppose -12 = p*b - 3*b. What is the units digit of ((-3)/(-6))/(b/(-30))?
5
Suppose 0 = -5*u + 9 + 6. Suppose -4*l - 20 - 85 = y, u*l + 73 = 5*y. Let s = -4 - l. What is the tens digit of s?
2
Suppose -3*r + g = -3*g + 644, r = -5*g - 221. Let z = r + 302. What is the tens digit of z?
8
Let s(l) = -1100*l - 169. What is the tens digit of s(-4)?
3
Let z = -940 - -1907. What is the hundreds digit of z?
9
Let t be (46/(-4))/((-5)/(-10)). Suppose -5*q + 1 - 61 = 0. Let i = q - t. What is the tens digit of i?
1
Let p be 6/51 + (-616)/34. What is the units digit of 105/2 + (-27)/p?
4
Let j = -438 + 553. What is the units digit of j?
5
Let q be (3 + -2)/(-1) - -6. Suppose -2*a + 3 = -q. What is the units digit of a + 5/((-5)/(-2))?
6
Suppose 0 = 13*k - 9*k - 11580. What is the units digit of k?
5
Suppose -5*y + 19474 = 9*y. What is the thousands digit of y?
1
Let r be (1 + (-3)/2)/((-2)/(-632)). Let p = r - -255. What is the units digit of p?
7
Suppose 2*c - 20 + 6 = 0. Let g = -16 - c. What is the units digit of 2 + 0 - g/1?
5
Let c(l) = -l**2 + 9*l - 9. Let y be c(4). Suppose -17*p + y*p = -1050. What is the units digit of p?
5
Suppose 3*y - 8 = 2*l, -y - 3 = -0*y + 5*l. Suppose -3*k + 5*t = 5, 2*k = -y*t + 19 - 1. Suppose 225 = k*w - 30. What is the tens digit of w?
5
Let c = -1979 - -2514. What is the units digit of c?
5
Suppose 2*w - 5*z = -w + 3704, -w - 2*z = -1242. What is the hundreds digit of w?
2
Let z(j) be the third derivative of j**5/60 + 5*j**4/12 + 7*j**3 - 11*j**2. What is the hundreds digit of z(-15)?
1
Let c = -570 - -861. What is the units digit of c?
1
Let l = -153 + 336. What is the units digit of l?
3
What is the units digit of (-107928)/(-28) - (-9)/(-21)*-1?
5
Let k be 50/4*(-88)/110. Let d(g) = g**3 + 14*g**2 + 12*g - 15. What is the hundreds digit of d(k)?
2
Let s(d) = d - 3. Let r be s(5). Suppose 2*t + t + 2*n - 10 = 0, -5*t - r*n + 14 = 0. Suppose 0 = -0*g + t*g - 18. What is the units digit of g?
9
Suppose 5 - 9 = -4*b. Let y be b/(0 + -3 - -2). Let x(t) = -39*t**3 - t. What is the tens digit of x(y)?
4
Suppose o + 102 + 61 = 0. Let u = o + 348. What is the units digit of u?
5
What is the units digit of (1 - (-18)/(-10))/(38/(-3990))?
4
Let j = -7 - -9. Let r be (24/(-20))/(j/5). What is the tens digit of (-1)/r + (-480)/(-18)?
2
Suppose -d + 1 = -2. Suppose o + d = -0. What is the units digit of 1/o - 90/(-27)?
3
Let o be (-5 - -2)*(-1 + 2). Let f(n) = n - 1. Let d be f(o). What is the tens digit of (-89)/(-7) - d/14?
1
Suppose 4*n = 4*m + 12, 6*n + 3*m = 2*n + 19. Suppose -n*h = h - 50. What is the units digit of h?
0
Suppose -16*i + 6 = -14*i. Let w(z) = -i*z**2 + z**3 + 0*z + 6*z + 12 - 2*z**3 - 4*z**2. What is the units digit of w(-8)?
8
Let i(f) = -f**3 + 5*f**2 - 2 - 9*f + 9*f. Let z be i(3). Suppose -5*n = q - 43, -113 - z = -3*q - 2*n. What is the units digit of q?
3
Let h(r) = r + 2. Let t = -5 + 2. Let j be h(t). What is the units digit of 6 + (2 + -1)*j?
5
Suppose 6*t - 251 = 157. Let b = t + -16. What is the tens digit of b?
5
Let v be (2/(-4))/((-4)/48). Suppose 0 = -2*p - v - 2. What is the units digit of p*1*-2 - -1?
9
Let v = -433 + 874. What is the hundreds digit of v?
4
Suppose 2 = -2*o + 3*o. Suppose o*c + 58 = 6. Let t = -18 - c. What is the units digit of t?
8
Suppose 3*y - 2421 = -6*z, -4*y + 25 = -9*y. What is the hundreds digit of z?
4
Let a be (3 - 0)*896/24. Let s = a + -51. What is the tens digit of s?
6
Suppose 483 = 13*u - 10*u. Let r = u + -112. Let v = 96 - r. What is the units digit of v?
7
Let f = -17 + 27. Suppose 0 = -f*c + 8*c + 134. What is the units digit of c?
7
What is the hundreds digit of -8*6/(-216) - (-8654)/18?
4
Suppose 40119 + 6873 = 16*v. What is the thousands digit of v?
2
Let f(c) = c**2 + 10*c + 1. Let b be f(-9). What is the units digit of (-104)/(-6) - b/(-24)?
7
Suppose -4*m = -2*m - 2918. What is the tens digit of m?
5
Suppose -3*d = -15 + 42. Let v(t) = 2*t**2 + 8*t + 7. What is the units digit of v(d)?
7
Let c(w) = 153*w - 29. What is the units digit of c(6)?
9
Suppose j - 20469 = -5*v, -j - 2366 - 9909 = -3*v. What is the hundreds digit of v?
0
Let f(s) = -s**3 + 2*s**2 + 5*s - 3. Let x be f(3). Let c = x + 90. What is the tens digit of c?
9
Let n be -4 + (-1 - -2) - -8. Suppose n*k - 459 = 166. Suppose 6*d = d + k. What is the tens digit of d?
2
Suppose 8*n - 5426 + 1514 = 0. What is the units digit of n?
9
Let p(w) be the third derivative of -w**4/12 + 2*w**3/3 - 11*w**2. What is the tens digit of p(-6)?
1
Let s = -10 + 14. Suppose 11*t + n = 6*t - 27, -n = -s*t - 18. Let q(o) = -5*o - 1. What is the tens digit of q(t)?
2
What is the units digit of ((-3)/4)/(-5*8/800)?
5
Suppose -18*p + 2036 = -6172. What is the tens digit of p?
5
Let j = -28 + 52. Let o(q) = q**3 + 3*q**2 + q - 2. Let x be o(-2). Suppose x = 4*f - f - j. What is the units digit of f?
8
Let f(o) = -4*o. Let a(t) = -5*t - 1. Let r(j) = j. Let h(k) = a(k) + 4*r(k). Let p be h(4). What is the units digit of f(p)?
0
Let r = -1367 - -5257. What is the thousands digit of r?
3
Suppose 24 = 4*x - 5*d, -4*x + 2*d + 24 = -d. What is the units digit of (-1096)/(-16) - 9/x?
7
Suppose -3*m + 3*l = -1215, -2*m + 830 = 6*l - 4*l. What is the hundreds digit of m?
4
Suppose -9*z = -3 - 51. Suppose -8*n = -z*n + 4, -4*n = -f + 332. What is the units digit of f?
4
Let v = -167 - -3388. What is the thousands digit of v?
3
Let i(c) be the first derivative of c**3/3 - 9*c**2 + c - 8. Let r be i(19). Let z = 39 - r. What is the units digit of z?
9
Let m be -12*(3 + (-28)/12). What is the units digit of -10*(204/m + 4)?
5
Let i = 55 + -55. Suppose -4*a - 12 = i, w + w = -a + 163. What is the tens digit of w?
8
Let c(w) = -23*w**3 - w**2 - w. Let p(d) = -d**3 - 3*d**2 - 1. Suppose -1 + 10 = -3*r. Let z be p(r). What is the tens digit of c(z)?
2
Let x = -92 - -167. Suppose 3*i + 2*i - x = 0. What is the tens digit of i?
1
Let x(a) = 9*a**2 + 144*a + 21. What is the tens digit of x(-17)?
7
Let m be (-6)/(-16) - 7252/(-32). Suppose -172 = -4*l + r + 3*r, -r + m = 5*l. What is the tens digit of l?
4
Suppose -33 = -3*b - 5*d, -d + 2*d = -2*b + 29. Suppose -12*z + 12 = -b*z. What is the units digit of 16/6 + 2/z?
2
Suppose -t = 2 - 4. Suppose 2 = b + t*c, 2*b + 5